{"id":219,"date":"2025-12-19T18:44:09","date_gmt":"2025-12-19T17:44:09","guid":{"rendered":"https:\/\/marieditmoisson.fr\/?page_id=219"},"modified":"2026-04-01T21:50:06","modified_gmt":"2026-04-01T19:50:06","slug":"tango-dj","status":"publish","type":"page","link":"https:\/\/marieditmoisson.fr\/index.php\/tango-dj\/","title":{"rendered":"Tango Dj"},"content":{"rendered":"\n<p>TDJ (DJ de Tango traditionnel) Jean-Philippe ANTOMARCHI danse et \u00e9tudie la musique du Tango depuis 2010. Il a travaill\u00e9 la musicalisation aupr\u00e8s de plusieurs TDJ argentins &#8211; dont Roberto Maiolo &#8211; et musicalise depuis 2020 \u00e0 Toulouse.<br>SON CREDO : valoriser les grands tangos de l\u2019Age d\u2019or &#8211; toujours annonc\u00e9s au micro -, dans une musicalisation muscl\u00e9e, \u00e9mouvante faite pour danser.\u2028<\/p>\n\n\n\n<p>SA MISSION DE DJ DE TANGO : accompagner les danseurs dans leurs voyages int\u00e9rieurs, dans des tangos qui s\u2019aiment et des tandas qui s\u2019aiment.<br>Jean-Philippe vois le TDJ tel un pianiste : chaque touche de son clavier est un chef-d\u2019\u0153uvre, choisi parmi 1800 Tangos magnifiques, patrimoine que des musiciens d\u2019exception nous ont donn\u00e9s \u00e0 pr\u00e9server, faire conna\u00eetre et faire vivre. <br>Il reconnait une grande importance au r\u00f4le subliminal des cortinas, pour pr\u00e9server les derniers ar\u00f4mes d\u2019une tanda et inviter \u00e0 la suivante.<\/p>\n\n\n\n<figure class=\"wp-block-image size-large\"><a href=\"https:\/\/www.facebook.com\/reel\/1449971800053921\"><img loading=\"lazy\" decoding=\"async\" width=\"1024\" height=\"796\" src=\"https:\/\/marieditmoisson.fr\/wp-content\/uploads\/2025\/12\/TDJ-Jean-Philippe-Antomarchi-1024x796.jpg\" alt=\"\" class=\"wp-image-268\" srcset=\"https:\/\/marieditmoisson.fr\/wp-content\/uploads\/2025\/12\/TDJ-Jean-Philippe-Antomarchi-1024x796.jpg 1024w, https:\/\/marieditmoisson.fr\/wp-content\/uploads\/2025\/12\/TDJ-Jean-Philippe-Antomarchi-300x233.jpg 300w, https:\/\/marieditmoisson.fr\/wp-content\/uploads\/2025\/12\/TDJ-Jean-Philippe-Antomarchi.jpg 1200w\" sizes=\"auto, (max-width: 1024px) 100vw, 1024px\" \/><\/a><\/figure>\n\n\n\n<figure class=\"wp-block-video\"><video height=\"474\" style=\"aspect-ratio: 848 \/ 474;\" width=\"848\" controls src=\"http:\/\/marieditmoisson.fr\/wp-content\/uploads\/2026\/04\/VIDEO-2026-02-05-22-00-56.mp4\"><\/video><\/figure>\n\n\n\n<p><\/p>\n","protected":false},"excerpt":{"rendered":"<p>TDJ (DJ de Tango traditionnel) Jean-Philippe ANTOMARCHI danse et \u00e9tudie la musique du Tango depuis 2010. Il a travaill\u00e9 la musicalisation aupr\u00e8s de plusieurs TDJ argentins &#8211; dont Roberto Maiolo &#8211; et musicalise depuis 2020 \u00e0 Toulouse.SON CREDO : valoriser les grands tangos de l\u2019Age d\u2019or &#8211; toujours annonc\u00e9s au micro -, dans une musicalisation &hellip; <\/p>\n<p class=\"link-more\"><a href=\"https:\/\/marieditmoisson.fr\/index.php\/tango-dj\/\" class=\"more-link\">Lire la suite de<span class=\"screen-reader-text\">\u00ab\u00a0Tango Dj\u00a0\u00bb<\/span><\/a><\/p>\n","protected":false},"author":1,"featured_media":0,"parent":0,"menu_order":0,"comment_status":"closed","ping_status":"closed","template":"","meta":{"footnotes":""},"class_list":["post-219","page","type-page","status-publish","hentry"],"featured_media_urls":[],"_links":{"self":[{"href":"https:\/\/marieditmoisson.fr\/index.php\/wp-json\/wp\/v2\/pages\/219","targetHints":{"allow":["GET"]}}],"collection":[{"href":"https:\/\/marieditmoisson.fr\/index.php\/wp-json\/wp\/v2\/pages"}],"about":[{"href":"https:\/\/marieditmoisson.fr\/index.php\/wp-json\/wp\/v2\/types\/page"}],"author":[{"embeddable":true,"href":"https:\/\/marieditmoisson.fr\/index.php\/wp-json\/wp\/v2\/users\/1"}],"replies":[{"embeddable":true,"href":"https:\/\/marieditmoisson.fr\/index.php\/wp-json\/wp\/v2\/comments?post=219"}],"version-history":[{"count":11,"href":"https:\/\/marieditmoisson.fr\/index.php\/wp-json\/wp\/v2\/pages\/219\/revisions"}],"predecessor-version":[{"id":418,"href":"https:\/\/marieditmoisson.fr\/index.php\/wp-json\/wp\/v2\/pages\/219\/revisions\/418"}],"wp:attachment":[{"href":"https:\/\/marieditmoisson.fr\/index.php\/wp-json\/wp\/v2\/media?parent=219"}],"curies":[{"name":"wp","href":"https:\/\/api.w.org\/{rel}","templated":true}]}}