{"id":222,"date":"2025-12-19T18:50:48","date_gmt":"2025-12-19T17:50:48","guid":{"rendered":"https:\/\/marieditmoisson.fr\/?page_id=222"},"modified":"2026-04-03T20:26:25","modified_gmt":"2026-04-03T18:26:25","slug":"livres","status":"publish","type":"page","link":"https:\/\/marieditmoisson.fr\/index.php\/livres\/","title":{"rendered":"Mes Livres"},"content":{"rendered":"\n<p><strong>J&rsquo;utilise deux noms de plume diff\u00e9rents<\/strong>, pour distinguer mes deux grands domaines d&rsquo;expertise, correspondants \u00e0 deux lectorats diff\u00e9rents :<br><br>&#8211; <strong>Jean-Philippe MARIE DIT MOISSON<\/strong>, pour mes \u00e9crits de r\u00e9f\u00e9rence sur la \u00ab\u00a0Vue Parfaite\u00a0\u00bb et les travaux auto-r\u00e9\u00e9ducatifs du Dr William BATES, Ophtalmologiste ;<br>&#8211; <strong>Jean-Philippe ANTOMARCHI<\/strong>, pour mes \u00e9crits traitant du Chamanisme (form\u00e9 \u00e0 la Fondation d&rsquo;\u00c9tudes Chamaniques, FSS) et du Patrimoine culturel immat\u00e9riel de la Corse, d&rsquo;o\u00f9 une branche de ma famille est originaire.<br><br><strong>A ce jour, j&rsquo;ai publi\u00e9 deux livres et six manuels \u00e9ducatifs<\/strong> :<br>&#8211; <em>Une Vue Parfaite sans lunettes ni traitement ou intervention<\/em> &#8211; Dr William BATES \u2013 Le Courrier du Livre, 2008, 2008, 2009, 2011 (4e \u00e9dition)<br>&#8211; <em>Une Vue Meilleure avec le Dr BATES, Ophtalmologiste<\/em> &#8211; Jean-Philippe MARIE DIT MOISSON, Dr William BATES &#8211; Le Courrier du Livre, 2010<br>&#8211; <em>Le Traitement \u00e9ducatif de base<\/em> &#8211; Jean-Philippe MARIE DIT MOISSON &#8211; Institut William BATES, 2006 (\u00e9puis\u00e9)<br>&#8211; <em>Am\u00e9liorer naturellement la Myopie <\/em>&#8211; Jean-Philippe MARIE DIT MOISSON &#8211; Institut William BATES, 2006 (\u00e9puis\u00e9)<br>&#8211; <em>Am\u00e9liorer naturellement la Presbytie<\/em> &#8211; Jean-Philippe MARIE DIT MOISSON &#8211; Institut William BATES, 2006 (\u00e9puis\u00e9)<br>&#8211; <em>Am\u00e9liorer naturellement la Cataracte<\/em> &#8211; Jean-Philippe MARIE DIT MOISSON &#8211; Institut William BATES, 2006 (\u00e9puis\u00e9)<br>&#8211; <em>Am\u00e9liorer naturellement le Glaucome<\/em> &#8211; Jean-Philippe MARIE DIT MOISSON &#8211; Institut William BATES, 2006 (\u00e9puis\u00e9)<br>&#8211; <em>Am\u00e9liorer naturellement le Strabisme<\/em> et l&rsquo;Amblyopie &#8211; Jean-Philippe MARIE DIT MOISSON &#8211; Institut William BATES, 2006 (\u00e9puis\u00e9).<br><br><strong>En pr\u00e9paration<\/strong> :<br>&#8211; Chamanisme pratique &#8211; Jean-Philippe ANTOMARCHI<br>&#8211; Le Chamanisme traditionnel en France &#8211; Jean-Philippe ANTOMARCHI <br>&#8211; Vies de Chamans c\u00e9l\u00e8bres &#8211; Jean-Philippe ANTOMARCHI<br><\/p>\n\n\n\n<div class=\"wp-block-group has-global-padding is-layout-constrained wp-block-group-is-layout-constrained\">\n<figure class=\"wp-block-image aligncenter size-large is-resized\"><img loading=\"lazy\" decoding=\"async\" width=\"1024\" height=\"485\" src=\"https:\/\/marieditmoisson.fr\/wp-content\/uploads\/2026\/04\/mes-livres-et-manuels-1024x753-2-1024x485.jpg\" alt=\"\" class=\"wp-image-393\" style=\"aspect-ratio:2.111371710646795;width:788px;height:auto\" srcset=\"https:\/\/marieditmoisson.fr\/wp-content\/uploads\/2026\/04\/mes-livres-et-manuels-1024x753-2-1024x485.jpg 1024w, https:\/\/marieditmoisson.fr\/wp-content\/uploads\/2026\/04\/mes-livres-et-manuels-1024x753-2-300x142.jpg 300w, https:\/\/marieditmoisson.fr\/wp-content\/uploads\/2026\/04\/mes-livres-et-manuels-1024x753-2.jpg 1589w\" sizes=\"auto, (max-width: 1024px) 100vw, 1024px\" \/><\/figure>\n<\/div>\n\n\n\n<div class=\"wp-block-group is-nowrap is-layout-flex wp-container-core-group-is-layout-6c531013 wp-block-group-is-layout-flex\"><\/div>\n\n\n\n<p><\/p>\n\n\n\n<p><\/p>\n","protected":false},"excerpt":{"rendered":"<p>J&rsquo;utilise deux noms de plume diff\u00e9rents, pour distinguer mes deux grands domaines d&rsquo;expertise, correspondants \u00e0 deux lectorats diff\u00e9rents : &#8211; Jean-Philippe MARIE DIT MOISSON, pour mes \u00e9crits de r\u00e9f\u00e9rence sur la \u00ab\u00a0Vue Parfaite\u00a0\u00bb et les travaux auto-r\u00e9\u00e9ducatifs du Dr William BATES, Ophtalmologiste ;&#8211; Jean-Philippe ANTOMARCHI, pour mes \u00e9crits traitant du Chamanisme (form\u00e9 \u00e0 la Fondation &hellip; <\/p>\n<p class=\"link-more\"><a href=\"https:\/\/marieditmoisson.fr\/index.php\/livres\/\" class=\"more-link\">Lire la suite de<span class=\"screen-reader-text\">\u00ab\u00a0Mes Livres\u00a0\u00bb<\/span><\/a><\/p>\n","protected":false},"author":1,"featured_media":0,"parent":0,"menu_order":0,"comment_status":"closed","ping_status":"closed","template":"","meta":{"footnotes":""},"class_list":["post-222","page","type-page","status-publish","hentry"],"featured_media_urls":[],"_links":{"self":[{"href":"https:\/\/marieditmoisson.fr\/index.php\/wp-json\/wp\/v2\/pages\/222","targetHints":{"allow":["GET"]}}],"collection":[{"href":"https:\/\/marieditmoisson.fr\/index.php\/wp-json\/wp\/v2\/pages"}],"about":[{"href":"https:\/\/marieditmoisson.fr\/index.php\/wp-json\/wp\/v2\/types\/page"}],"author":[{"embeddable":true,"href":"https:\/\/marieditmoisson.fr\/index.php\/wp-json\/wp\/v2\/users\/1"}],"replies":[{"embeddable":true,"href":"https:\/\/marieditmoisson.fr\/index.php\/wp-json\/wp\/v2\/comments?post=222"}],"version-history":[{"count":44,"href":"https:\/\/marieditmoisson.fr\/index.php\/wp-json\/wp\/v2\/pages\/222\/revisions"}],"predecessor-version":[{"id":484,"href":"https:\/\/marieditmoisson.fr\/index.php\/wp-json\/wp\/v2\/pages\/222\/revisions\/484"}],"wp:attachment":[{"href":"https:\/\/marieditmoisson.fr\/index.php\/wp-json\/wp\/v2\/media?parent=222"}],"curies":[{"name":"wp","href":"https:\/\/api.w.org\/{rel}","templated":true}]}}